 = -96*s - 8813. Calculate m(-91).
-77
Let h(z) = 2*z**3 + 62*z**2 + 347*z + 293. What is h(-24)?
29
Let h(n) = 4*n**3 - 31*n**2 + 37*n - 106. Calculate h(7).
6
Let o(z) = z**3 - 8*z**2 - 8*z + 11. What is o(9)?
20
Let z(t) = -t**3 - 6*t**2 - 8*t - 45. Calculate z(-7).
60
Let k(z) = z**3 + z**2 - 10*z - 7. Give k(-3).
5
Let h(g) = 15*g**2 - 32*g + 54. What is h(2)?
50
Let b(j) = -81*j + 1274. Determine b(16).
-22
Let z(a) = -a**2 - 54*a + 660. Give z(10).
20
Let o(r) = -5*r**3 + 2*r**2 + r + 11. Calculate o(-2).
57
Let g(z) = -z**2 - 23*z + 34. Calculate g(-17).
136
Let j(u) = u**3 + u**2 - 10*u + 2. Give j(3).
8
Let h(m) = m**3 - 10*m**2 - 25*m + 208. Give h(4).
12
Let a(q) = -2*q**3 + 6*q**2 - 13*q + 13. Calculate a(6).
-281
Let t(p) = 9*p**3 - 14*p**2 - 18*p - 5. Determine t(-1).
-10
Let j(o) = o**2 - 40*o + 81. Determine j(2).
5
Let o(h) = h**3 + 9*h**2 - 12*h - 15. Determine o(-9).
93
Let s(r) = r**3 + 33*r**2 + 65*r + 115. Calculate s(-31).
22
Let d(b) = 122*b**3 - b**2 - 9*b - 9. Determine d(-1).
-123
Let o(c) = -59169*c - 177511. Determine o(-3).
-4
Let d(h) = -3*h**2 - 112*h + 1220. Determine d(-46).
24
Let a(g) = -4145*g + 29017. Calculate a(7).
2
Let y(w) = w**2 - 9*w - 39. What is y(-12)?
213
Let b(n) = 9*n + 92. Give b(37).
425
Let y(f) = -4*f**2 + 426*f - 612. Calculate y(105).
18
Let k(s) = -1462*s + 8762. Give k(6).
-10
Let f(w) = -38*w**2 - 2620*w + 146. What is f(-69)?
8
Let m(w) = -w**3 - 33*w**2 - 245*w - 334. Give m(-23).
11
Let y(p) = -p**2 + 97*p - 2233. What is y(59)?
9
Let x(f) = 2354*f - 49425. Calculate x(21).
9
Let y(o) = 46*o - 1558. What is y(34)?
6
Let w(h) = -4*h**3 - 120*h**2 + 119*h + 21. What is w(-31)?
176
Let f(z) = -667*z + 22702. Calculate f(34).
24
Let i(j) = -2*j**2 + 62*j + 184. Calculate i(34).
-20
Let i(r) = -23*r - 69. Calculate i(-3).
0
Let x(d) = 21*d**2 - 87*d - 38. Give x(4).
-50
Let v(a) = 251*a - 33133. Calculate v(132).
-1
Let x(y) = -284*y + 5680. Give x(20).
0
Let p(h) = -5*h**2 + 16*h + 522. Give p(12).
-6
Let c(a) = -2*a - 237. Give c(-9).
-219
Let v(u) = -u**2 + 356*u - 2787. What is v(8)?
-3
Let v(a) = -a**2 + 103*a - 110. Give v(102).
-8
Let h(u) = -125*u + 832. What is h(7)?
-43
Let d(h) = 4*h**2 + 471*h - 5648. Give d(11).
17
Let n(h) = h**2 + 140*h + 498. What is n(-4)?
-46
Let x(y) = y**3 + 418*y**2 - 16341*y + 1357. Give x(-454).
-5
Let y(q) = 5*q**3 + 5*q**2 - 4*q + 4. Give y(-3).
-74
Let f(l) = 5*l**3 + 31*l**2 - 27*l + 6. What is f(-7)?
-1
Let z(j) = -63*j - 1204. Calculate z(-19).
-7
Let n(b) = b**2 + 41*b - 165. Calculate n(-42).
-123
Let c(o) = o**2 + 8*o + 25. Give c(-3).
10
Let c(a) = -43*a + 3784. Give c(88).
0
Let o(p) = 2*p**3 - 43*p**2 + 20*p - 89. Calculate o(21).
-110
Let z(u) = -u**3 - 25*u**2 - 17*u - 1106. Determine z(-26).
12
Let z(j) = -9*j**2 - 74*j - 118. What is z(-6)?
2
Let c(f) = -43*f + 1339. What is c(31)?
6
Let x(n) = n**3 - 16*n**2 - 111*n - 20. Determine x(21).
-146
Let j(l) = -l**3 - 15*l**2 - 3*l + 27. What is j(-15)?
72
Let x(r) = r**3 - 93*r - 64. Determine x(10).
6
Let w(v) = 3*v**3 + 180*v**2 + 5*v + 274. Determine w(-60).
-26
Let v(d) = -344*d + 1032. Give v(3).
0
Let r(s) = 21*s**2 + 143*s - 22. Calculate r(-7).
6
Let w(z) = 3*z**2 + 267*z - 541. Give w(-91).
5
Let d(j) = -23*j + 720. Give d(0).
720
Let g(c) = -c**3 + 237*c**2 - 931*c - 224. Calculate g(233).
9
Let z(c) = -c**2 - 42*c - 136. Give z(-40).
-56
Let u(r) = r**3 + 32*r**2 - 85*r - 532. Calculate u(-34).
46
Let p(f) = -129*f - 1300. Calculate p(-10).
-10
Let r(q) = 98*q - 6553. Give r(67).
13
Let o(r) = -48*r + 385. Give o(8).
1
Let s(m) = -4*m**2 - 87*m - 321. What is s(-26)?
-763
Let o(c) = 90*c**2 + 28*c - 52. Determine o(2).
364
Let t(u) = u**2 - 9*u - 95. Determine t(-6).
-5
Let o(f) = 8*f**2 - 123*f + 210. What is o(14)?
56
Let r(c) = -c**2 - 2*c + 213. What is r(-16)?
-11
Let h(d) = d**3 + 44*d**2 - 306*d - 290. Give h(-50).
10
Let b(c) = c**2 - 6*c - 9. Determine b(6).
-9
Let x(a) = a**2 + 45*a + 261. What is x(-10)?
-89
Let a(g) = 7*g**2 - 46*g - 129. What is a(11)?
212
Let n(j) = 2*j**2 - 24*j - 50. Give n(-3).
40
Let x(r) = r**2 + 43*r + 204. Calculate x(-30).
-186
Let p(y) = -y**2 + 26*y - 230. What is p(17)?
-77
Let p(i) = -559*i + 6707. Give p(12).
-1
Let t(c) = c**3 - 5*c**2 - 12*c + 72. What is t(4)?
8
Let l(r) = -r**3 + 38*r**2 - 12*r + 1983. What is l(39)?
-6
Let i(q) = 3*q**3 - 19*q**2 + 2*q - 104. Determine i(7).
8
Let n(a) = 32*a**3 + 6*a**2 - 8*a + 2. Determine n(1).
32
Let p(o) = -284*o - 11097. Determine p(-39).
-21
Let l(h) = 3*h**2 - 36*h + 21. What is l(8)?
-75
Let q(x) = x**2 + 3437*x + 13725. What is q(-4)?
-7
Let b(i) = 5*i**3 - 14*i**2 + 1385*i - 2760. Give b(2).
-6
Let j(u) = 2*u**2 - 8*u - 28. Give j(11).
126
Let r(a) = 21*a**2 + 2437*a + 43. What is r(-116)?
-73
Let q(r) = -6*r**3 - 86*r**2 - 25*r + 28. Calculate q(-14).
-14
Let w(x) = -2*x**3 + 17*x**2 + 2*x + 16. Calculate w(9).
-47
Let f(s) = -4*s**3 + s**2 + 13*s + 17. Determine f(-2).
27
Let m(i) = -40*i - 230. Calculate m(0).
-230
Let a(f) = -f**3 - 26*f**2 - 147*f - 6. Determine a(-18).
48
Let x(a) = -a**2 - 48*a - 312. Give x(-40).
8
Let i(f) = f**3 - 62*f**2 + 118*f + 116. Determine i(60).
-4
Let f(j) = -2*j**3 - 42*j**2 - 215*j + 58. What is f(-11)?
3
Let l(o) = 3*o**3 + 4*o**2 - 2*o + 6. What is l(2)?
42
Let o(i) = -1546*i - 1533. Give o(-1).
13
Let m(x) = x - 729. Determine m(-6).
-735
Let b(y) = -2*y**3 - 154*y**2 - 154*y - 153. Determine b(-76).
-1
Let a(r) = -124*r**3 + 3*r - 2. What is a(1)?
-123
Let t(f) = -26*f**2 - 40*f - 76. What is t(-2)?
-100
Let m(b) = -b**3 + 22*b**2 - 90*b + 257. Calculate m(18).
-67
Let b(f) = 2*f**3 - 35*f**2 - 56*f - 125. Determine b(19).
-106
Let k(u) = -4*u**2 + 54*u + 23. Determine k(14).
-5
Let b(s) = -s**3 + 30*s**2 + 98*s - 22. What is b(33)?
-55
Let m(o) = -6*o**2 + 396*o + 396. Calculate m(67).
-6
Let k(g) = g**3 + 18*g**2 - 24*g - 121. Calculate k(-19).
-26
Let m(y) = -3*y**3 - y**2 - 4*y - 49. Give m(0).
-49
Let z(b) = 23*b**2 + 798*b + 529. Give z(-34).
-15
Let x(k) = 3*k**2 - 471*k + 9901. Give x(132).
1
Let b(z) = -31*z + 2177. What is b(70)?
7
Let f(m) = -m**3 + 2*m**2 - 82*m + 228. Determine f(5).
-257
Let d(c) = c + 161. Determine d(-20).
141
Let r(h) = 51*h - 458. Give r(25).
817
Let d(k) = 3*k**2 + 22*k + 21. Calculate d(-1).
2
Let c(h) = -h**3 - 13*h**2 + 24*h - 80. Determine c(-15).
10
Let f(v) = 10*v**2 - 753*v - 3770. Determine f(80).
-10
Let n(d) = 3*d**2 + 274*d - 2392. Give n(8).
-8
Let k(x) = 3*x**2 - 114*x - 46. Give k(26).
-982
Let q(o) = 30*o + 695. Calculate q(-23).
5
Let p(l) = -6*l**2 + 588*l + 1760. What is p(-3)?
-58
Let u(g) = -596*g + 10752. Give u(18).
24
Let u(l) = -l**3 - 11*l**2 + 19*l + 13. Give u(-12).
-71
Let y(z) = z**2 - 76*z + 1388. Determine y(31).
-7
Let u(s) = 2*s**2 + 69*s + 586. Calculate u(-15).
1
Let f(x) = x**3 - 11*x**2 + 25*x - 12. Determine f(6).
-42
Let k(s) = -52*s + 4726. Calculate k(91).
-6
Let i(y) = 9*y**2 - 152*y + 632. Determine i(8).
-8
Let a(w) = 3*w**2 - 21*w + 171. Give a(19).
855
Let j(s) = 2*s**2 - 135*s + 392. Calculate j(3).
5
Let s(b) = 3*b - 76. Give s(-18).
-130
Let l(f) = -f**3 + 7*f**2 - 31*f + 325. What is l(8)?
13
Let u(o) = -o**3 - 26*o**2 + 21*o - 147. Determine u(-27).
15
Let v(r) = -2*r**3 - 25*r**2 + 14*r + 15. Determine v(-13).
2
Let l(n) = -29393*n + 235148. Give l(8).
4
Let b(i) = i**3 + 83*i**2 + 1220*i + 252. What is b(-64)?
-4
Let i(h) = -2*h**2 + 29*h - 44. Calculate i(0).
-44
Let h(c) = -c**2 + 36*c - 331. Calculate h(15).
-16
Let v(o) = -o**3 + 11*o**2 + 116*o - 296. What is v(-8)?
-8
Let b(u) = u**2 + 14*u - 113. What is b(12)?
199
Let c(j) = j**3 + 19*j**2 - 15*j - 1. Give c(-19).
284
Let g(b) = 171*b + 2029. Determine g(-12).
-23
Let v(h) = -3*h**2 - 15*h + 19. Calculate v(-5).
19
Let f(g) = -2*g**2 + 103*g + 1978. Calculate f(-15).
-17
Let n(l) = -l**3 - 3*l**2 + 22*l + 41. What is n(-6)?
17
Let t(o) = -2*o**3 - 30*o**2 - 28*o - 44. What is t(-14)?
-44
Let q(a) = -a**2 - 45*a + 2464. Give q(-77).
0
Let f(z) = 44*z + 11. Give f(-1).
-33
Let k(t) = -t**3 + 68*t**2 + t - 201. Determine k(68).
-133
Let u(k) = -7*k + 14. What is u(-20)?
154
Let k(b) = -b**2 - 2*b - 4. Calculate k(4).
-28
Let t(i) = i**3 - 29*i**2 + 38*i - 105. Give t(27).
-537
Let x(k) = -151*